e -99 - ((14 + -10 - 49) + 21).
-75
Calculate 7 + 21 + 5 + -82 + 12.
-37
(-1629 - -1643) + (0 - -21)
35
What is 8 - (3 - 78 - 2 - (-73 + 82)) - 12?
82
Evaluate (632 - 635) + (-68 - -64 - (45 - (0 - 1))).
-53
What is -20 - (4 - (-28 + 75))?
23
-35 + (8 - 8) - (318 - 480)
127
Evaluate -19 + (-36 - (-3 - 17) - -12).
-23
Calculate 1 + -8 + 0 + -21 + (4 - 27 - -2).
-49
What is 6 + -4 - (-49 - -14 - -45)?
-8
(-4 - (-31 + 16)) + -17 + (2 - -3)
-1
(27 - (30 - (-14 + 30))) + 3 + (-8 - -2)
10
What is (-3 - (-19 + 0) - (217 + -205)) + 0 + -9?
-5
53 + -122 - 3 - -3
-69
What is the value of -1792 + 1810 - (-2 + -1 + -5)?
26
What is 11 + 36 + (-218 + 197 - (-1 + -17))?
44
Evaluate 15634 + -15607 + 0 + -1 + 25.
51
Evaluate 46 + -57 + (2 + -4 + 4 - (-2 - -2)).
-9
Evaluate -89 + 77 + -12 + 11 + -36.
-49
0 + -2 + -82 - (4 + (0 - 30 - -24))
-82
What is (-8 - -15) + 5 + -30 - 35?
-53
What is the value of 4 + -62 + -3 + (-1599 - -1613)?
-47
What is the value of -4 - (27 - 30) - (13 + -7 - -7)?
-14
63 - (-16 + (-12 - -31))
60
What is 8 + (-11 - -16) - (18 + -44 + 18)?
21
Evaluate (6 + 2 + 0 - (11 - (-10 - -21))) + -42.
-34
-38 + 27 + ((13 - 8) + -13 - -5)
-14
(2732 - 2697) + (0 - 14)
21
(-29 - -64) + -55 + 1 + -1
-20
What is the value of -9 + -10 + 26 + (-30 - -12)?
-11
What is -1414 + 1408 - (-4 + -35 - -2)?
31
Calculate -32 + -1 + 0 - (-1 + 32 - (-18 + 54)).
-28
Calculate -56 + 2 + (-10879 - -11000).
67
Calculate (1 + -31 - 0) + (-21880 - -21890).
-20
Evaluate -16 + -28 + 15 + -36 + 40.
-25
What is the value of (-198 + 104 - -97) + (15 - -1)?
19
What is the value of 3 + (6 - (9 - 1 - 8)) + 14?
23
Evaluate -11 - (-53 + 31 - -55).
-44
What is -32 + (33 - (20 + (-2 - -2)))?
-19
What is the value of -12 + (34 + -59 - 5)?
-42
Calculate 1 + 12 + (-1479 - -1366).
-100
Calculate (1 - 2) + (177 - 174) - (-7 - 27).
36
-48 + 45 + -21 + 29 + -7
-2
What is the value of 219 + -237 - (-1 - 72) - (4 - 2)?
53
What is the value of (-16 - -53) + -30 + (7 - -6)?
20
Calculate 10 - (-8 + 0 + (-4 - 36) + -8).
66
What is (-8 - -1 - 7) + (20 - (-8 + -14))?
28
Calculate (3 - 12) + 3 + -4 - (-80 + 39 + 123).
-92
Calculate 13 + (-4 - 14) + 41 + -35 + 9 + -20.
-10
What is 34 + (11 - ((5 - 18) + 3) - 5)?
50
Evaluate -21 + (0 + -5 - -20) - (-106 + -4 + 3).
101
What is -41 - (1128 - 1142 - (-1 - -67))?
39
Evaluate -15 + (-1 - 16 - (-713 + 691)).
-10
Calculate -11 + 19 + (7 - -87) + -6 + (1 - 1).
96
Calculate (2340 - 2366) + (74 - 1).
47
Calculate (14 - (151 - 104)) + -26.
-59
Calculate -14 - (3 + 1 + 1244 + -1253 + -1 + 74).
-82
Evaluate 53 - (-23 - -6 - -22) - -4.
52
Calculate -31 + -1 + -3 + -285 + 239.
-81
What is 26 - -2 - (549 + -503)?
-18
Evaluate -17 + 12 + 88 + 0 + (18 - 44) + 15.
72
Calculate -1 + 11 + 3 + (8 - (10 - -16)) - -61.
56
Calculate (10 + (13 - -82) - 3) + (4 - 13).
93
Calculate (160 - 158) + (-2 - -40).
40
-3 + 1 - (567 + -566) - -17
14
What is the value of 63 + (14 - 5 - 7) + (-27 - -26) + 8?
72
72 - ((-26 - -10) + 42 - 30)
76
Evaluate 5 + 5 + -10 + 0 + -84 - (-85 - -92).
-91
Evaluate (-1 - (76 - -5)) + 161 + -198.
-119
(19 - (4 + -28 + 4)) + -28
11
Evaluate -60 + -32 + -10 + 26 - -23.
-53
Calculate -70 - (-30 + -70 + 83).
-53
What is the value of 8 + 1 + (1 - 2 - -1 - -13)?
22
Evaluate -23 - ((-60 - 46) + 108 - (-1 + 10 - -1)).
-15
Calculate 2 + 3 + 31 - (-4 + -7 + 217 + -217).
47
Evaluate 46 - -7 - (643 + -582).
-8
What is 42 + 2 + 0 - (282 + -254)?
16
Calculate -17 - (-3 + -52) - 23 - 105.
-90
Evaluate (86 - 56) + (3 - 25) - (0 - (-18 - 3)).
-13
What is 29 + (-57 - -17) - (3 + -30)?
16
(-4 - (6 - 3)) + -2 - -5 - (-19 + 4)
11
(-88 - (3 + -2)) + (-8 - (-28 + (73 - 37)))
-105
Evaluate (3 - 16) + (52 - (25 + 26 + -18)).
6
Calculate 56 + 1 - (-6365 - -6326).
96
Calculate 3 - (59 + -17 + 74 + 7).
-120
(-105 - -107) + -2 + (-1 - (-5 + 8) - -1)
-3
What is the value of -49 - (81 + -91 + -3)?
-36
What is the value of ((10 - -12) + -11 - 21 - -67) + (-1 - 5)?
51
Calculate 11 + -25 + 78 + (-19 - -1).
46
((15 - (19 + 5) - -12) + 4 - 0) + 102
109
Evaluate -8 + (2 - 2) + -5 - -24 - -35.
46
What is 1 + -2 - ((-21 - -33) + 17) - 1 - 8?
-39
What is 6 + 15 + -41 - (21 + -2)?
-39
(-39 + 2 - -3) + 236 + -216 + (-16 - 0)
-30
Evaluate 2 + (0 - 1) + -5 + (-31 - -59).
24
What is the value of -11 + 13 + 5 + 3 - -40?
50
46 + -3 + 5 + -3 + 40 + -34
51
Calculate 3 + 17 - (120 - (-120 - -172)).
-48
75 - ((4 - (-1 - 21)) + 0)
49
2 + 6 + 10 + -1 - (-46 - 5)
68
85 - (-6 + 5 - (-58 - -29))
57
What is -111 - (151 - 178) - (-5 - (1 - 2))?
-80
What is the value of -1 + 1 - (-100 - -14 - -97) - (-1 - -4)?
-14
Evaluate -4 + 2 + -42 + (-1289 - -1304).
-29
Evaluate 25 + (-25 - -43) + -13 - (6 - -2 - 2).
24
(-28 - -29) + 8 + 33 - -70
112
Evaluate (1 - 115 - 1) + 5 + -788 + 794.
-104
Evaluate 105 + 48 - (-280 - -350).
83
Calculate (-18 + 2 - (-3 - -3 - -4)) + 131.
111
-118 + 192 - 103 - (1 - -15)
-45
(91 - (-141 - -232)) + (-24 - -1)
-23
Calculate (76 - 44) + -39 - (0 + -32).
25
What is the value of 0 + -27 + -4 + 3 + -13 + 13?
-28
7 - 3 - (-45 + 41) - 12 - -13
9
What is (-5 - 5) + 29 + -38?
-19
Evaluate 31 + 13 + -94 + 67.
17
Calculate (542 - 526) + 21 + -18 + 0 + 1.
20
(32 - (35 + 0)) + 44 + 4
45
(1 - (63 + -54)) + -1
-9
Evaluate (23 - -11) + (-48 + 83 - 161).
-92
-68 + (-89 - (-110 + -58))
11
63 - (-463 + 456 - (1 - (-1 + 11)))
61
Evaluate 71 + (-86 - 49) + 40.
-24
Evaluate -51 + -23 - -52 - -32.
10
Calculate -45 - (21 - (16 + (20 - 12))).
-42
What is the value of -33 + -7 + 3 - (-8 - 7)?
-22
(-1 - (-4 - -25)) + -145 + 189 - (2 + 2)
18
What is the value of -43 - (-19 - 12 - -21) - 68?
-101
What is (225 - (78 - -122)) + 1 + 6?
32
Calculate -9 + (24 + -24 - -28) + 27.
46
Calculate -11 + (67 - -2) + -91.
-33
What is (1238 - 1243) + (4 + 21 - (1 - -1))?
18
5 + -103 + 258 + -196
-36
Calculate -1468 + 1425 + (1 - -19).
-23
-24 + (7 - -16) - -54
53
Calculate 1 + -59 + -1 + -17 + 32 + -6.
-50
What is 1 + (46 - 69) + 22 + 1?
1
What is (67 - -4 - 4) + -5 + (-7 - -8) + 7?
70
What is (0 - (-47 - -2)) + (-49 + 51 - -5)?
52
(-45 - (-15 + -25)) + -34 - (-23 - -1)
-17
Calculate 1 + 30 - 10 - 4 - (3 + 74).
-60
(9 - 14 - 2) + (6 + -3 - 0)
-4
Calculate (80 - 104) + (28 - 0) - -29.
33
Calculate -526 - -376 - (-3 - (-4 + 3) - (14 - 0)).
-134
(-6 - -10) + 7 - 7 - 16
-12
What is -32 - (64 + -2) - (3 - 1 - 14)?
-82
What is the value of -5 + 27 + 24 + -102 + -24 + -6?
-86
(14 - (-7 + -87)) + -46
62
(-148 - 51 - -249) + 1 + -37
14
Calculate -106 + 48 + -5 + (-21 - -21).
-63
Evaluate -1325 + 1410 + (-36 - 0).
49
What is 7 - (89 + -53 + -7)?
-22
What is the value of ((0 - -1) + -13 + -10 - 10) + 3?
-29
What is the value of (7 - 110) + 85 + (-1 - 9)?
-28
What is the value of (-1 - 33) + (155 - (-103 - -127))?
97
What is (36 - 25) + -18 + (5 + -4 - -22)?
16
What is -106 - (-65 + (11 - -22)) - 11?
-85
What is 9 + 13 - (-1 + 29 + -57)?
51
Calculate (-3 - 18 - 25) + (-2 - (-4 + (3 - 4))).
-43
Evaluate -4 - -2 - 32 - -14 - 51.
-71
Calculate (-86 - -195) + -45 + -6 + 19 + -2 + 1.
76
Calculate -35 - (31 + -64) - 61.
-63
What is the value of -12848 + 12848 - (-62 - (-2 + 1))?
61
What is -22 - (-24 - 2 - -17) - (18 - 3)?
-28
What is the value of -95 + 77 - (-33 - (-5 - -13 - 6))?
17
What is the value of 137 - ((193 - 202) + (13 - (0 + 0 + 4)))?
137
What is the value of 19 - (-15 + 15 + 11 + -8) - 144?
-128
What is -20 - (53 + -52 - -12)?
-33
Evaluate (16 + 16 - 22 - -5) + -39.
-24
46 + (96 - 71) - 43
28
What is -12 - 0 - (71 + -54 + 136 - 17)?
-148
Calculate 22 + (2 - -23 - (99 - 3)).
-49
Calculate -26 - (-31 - (26 + -32 + -64)).
-65
Calculate -51 - (-11 + -105 - -35).
30
-1112 + 1117 - (51 + -1)
-45
What is the value of 20 + (-20 - (-21 + -23)) + -22?
22
What is the value of -48 + (-13 - (-36 - 33))?
8
Calculate -314 + 272 + 27 + 52.
37
-2 + -9 - -2 - (-3 - -2) - (-7002 - -7009)
-15
Calculate (19 - 3) + 0 - (502 + -540).
54
What is ((-25 - -14) + -7 - 10) + -51?
-79
-255 + 208 + 23 + 0
-24
What is 21 - (-97 - (97 - 136))?
79
Calculate -102 - (-19 - 159) - 175.
-99
What is the value of 17 - ((16 + -11 - (3 + 6)) + 15)?
6
Evaluate -3 + 5 - ((-27 - 2) + 1) - (11 - 14).
33
(674 - 684) + (-1 - -60 - (-19 + 18))
50
Calculate 3 + -1 + (10 + 5 + 13 - (-14 + 66)).
-22
What is the value of 68 - (65 - -19) - 25?
-41
(46 - -45) + -39 + (1 - -10) - 10
53